se 13) in base 7?
20336156
Convert -3498a (base 14) to base 15.
-27e5a
6fe38 (base 16) to base 7
3616066
What is 844bc9 (base 14) in base 6?
235444233
Convert -10a1cb (base 13) to base 6.
-12234115
Convert -210311011 (base 4) to base 6.
-3122221
What is -3566660 (base 9) in base 16?
-1d8218
What is 10111010101101010 (base 2) in base 10?
95594
What is -a5843 (base 13) in base 2?
-1001000110000010010
What is -552412 (base 6) in base 8?
-131570
Convert 1949692 (base 10) to base 5.
444342232
Convert 1134304 (base 5) to base 4.
11023110
Convert -10040401 (base 7) to base 11.
-51a116
What is 2a9a86 (base 16) in base 9?
5225000
What is -103134415 (base 7) in base 4?
-113123311222
-4707376 (base 10) to base 5
-2201114001
268e1 (base 15) to base 9
207374
What is 45037466 (base 8) in base 7?
145403050
Convert -234da1 (base 16) to base 15.
-30a7c3
Convert -82055 (base 13) to base 12.
-b2988
42639 (base 12) to base 6
1512113
23002015 (base 7) to base 9
3678434
Convert -62276a (base 11) to base 13.
-28ca36
2223321000 (base 4) to base 15
dd929
What is -1431c9 (base 13) in base 5?
-111224322
What is 29930a (base 11) in base 12?
1a597b
-23211113130 (base 4) to base 6
-145030300
What is 29a1 (base 11) in base 9?
5261
12220001200 (base 3) to base 15
24556
Convert -1001011001011000 (base 2) to base 3.
-1221210111
What is 101010000001001000 (base 2) in base 14?
46a12
Convert -2208c9 (base 14) to base 4.
-10121302301
Convert -20111110212 (base 3) to base 16.
-1f3b2
341063 (base 7) to base 12
2ab65
Convert 13411252 (base 6) to base 4.
1232200100
What is 202021222 (base 4) in base 8?
421152
288758 (base 11) to base 5
103411123
1001100101001010101001 (base 2) to base 16
2652a9
10000000011101111110010 (base 2) to base 15
582485
Convert -2306660 (base 9) to base 10.
-1244943
Convert 6427252 (base 10) to base 14.
bd4416
What is -1002086 (base 9) in base 12?
-218529
Convert 1340054 (base 8) to base 4.
1130000230
What is 2454210 (base 9) in base 16?
145eba
What is 41201 (base 5) in base 14?
d92
What is -1110100010001110100011 (base 2) in base 7?
-44246326
What is 222222100022 (base 4) in base 13?
2417237
2021221022211 (base 3) to base 9
2257284
10110110100110101101001 (base 2) to base 14
b1a877
What is 30855 (base 11) in base 7?
245024
-2581b (base 14) to base 5
-10422040
What is -21212022122121 (base 3) in base 13?
-b34256
What is 2130140040 (base 5) in base 15?
5e93ea
-470a37 (base 11) to base 9
-1358875
Convert -110130032020 (base 4) to base 7.
-63355240
2100101110 (base 4) to base 2
10010000010001010100
What is -331634 (base 11) in base 4?
-2001030102
What is 11101111111111000001110 (base 2) in base 7?
123561411
Convert -37c61 (base 16) to base 9.
-377332
What is 3279b5 (base 12) in base 8?
3035331
Convert -202112222210 (base 3) to base 6.
-12401033
Convert 131330220 (base 4) to base 11.
84183
Convert 48853 (base 9) to base 13.
11bbc
What is -1232100323 (base 4) in base 5?
-103423033
35234511 (base 7) to base 6
150245540
1d3d7 (base 15) to base 8
272221
What is a211 (base 14) in base 4?
12303013
What is -210101010021122 (base 3) in base 9?
-23333248
Convert 2237041 (base 8) to base 5.
123340404
What is -2000200101202 (base 3) in base 8?
-4066106
What is -133002332000 (base 4) in base 2?
-11111000010111110000000
Convert -29147 (base 12) to base 7.
-325555
39900c (base 13) to base 5
324000323
What is -57394 (base 13) in base 11?
-a9355
Convert 4421662 (base 7) to base 13.
1603ab
What is -232105 (base 6) in base 10?
-19913
-32687 (base 10) to base 11
-22616
Convert -101011111100110010 (base 2) to base 8.
-537462
What is -1411253 (base 6) in base 7?
-450264
Convert 1066050 (base 7) to base 14.
36c60
What is -737520 (base 10) in base 15?
-e87d0
Convert 61091c (base 13) to base 15.
2e8ee5
What is -21425004 (base 8) in base 7?
-54041024
Convert 1012000012 (base 3) to base 6.
300005
Convert 10110110111110100010 (base 2) to base 7.
6241025
What is -14b526b (base 14) in base 3?
-201001000202111
-70bc (base 14) to base 10
-19374
What is -239103 (base 12) in base 10?
-575571
-1b267 (base 13) to base 2
-1100111110011111
-1344b9b (base 15) to base 14
-1bb6dd1
-79787 (base 15) to base 9
-648101
What is -d50c (base 15) in base 13?
-17646
2373379 (base 10) to base 11
1381178
-fdd9 (base 16) to base 11
-44908
What is 11760772 (base 8) in base 9?
4823351
7009c (base 15) to base 16
568da
Convert 2b61a (base 15) to base 8.
420746
What is -14440522 (base 6) in base 4?
-1322310002
What is -1235263 (base 8) in base 9?
-572085
-337114 (base 12) to base 16
-c86e0
What is 3426752 (base 8) in base 3?
1202012200222
What is -16024 (base 15) in base 16?
-114fd
Convert -1567459 (base 11) to base 16.
-28cf5f
What is -1a35a (base 15) in base 8?
-246217
-254733 (base 14) to base 13
-35a88b
-bb5419 (base 15) to base 2
-100010000011101000110111
-1315102 (base 10) to base 6
-44104234
What is 177040 (base 10) in base 13?
62776
Convert 1887015 (base 9) to base 2.
100000011001000111110
10000223130 (base 4) to base 2
100000000101011011100
What is -10023332 (base 6) in base 14?
-75360
20222111200 (base 3) to base 8
414315
-e52000 (base 15) to base 6
-1025233513
Convert -39287c (base 13) to base 8.
-5201011
Convert -1161131 (base 7) to base 9.
-246682
-148cd0b (base 14) to base 13
-20cc56a
Convert 1853214 (base 9) to base 12.
421334
What is 45515 (base 16) in base 5?
33041200
Convert -17a56 (base 11) to base 10.
-25229
1413434 (base 5) to base 7
151155
Convert 32251324 (base 7) to base 9.
5154087
What is -20873 (base 9) in base 14?
-5084
2592248 (base 11) to base 6
240031034
-3134232311 (base 5) to base 2
-11001000000011011000011
-2411690 (base 14) to base 8
-101640736
Convert 22401033 (base 5) to base 8.
606717
26935 (base 12) to base 10
53177
What is -322301110 (base 4) in base 16?
-3ac54
7531c1 (base 13) to base 14
517a4d
What is 36806a0 (base 12) in base 14?
15a5676
What is -31120321233 (base 4) in base 6?
-203121223
-7c08ab (base 13) to base 8
-13164454
-101101110101011010001 (base 2) to base 13
-407802
What is -4043420 (base 5) in base 11?
-45222
Convert -183d39 (base 15) to base 6.
-41123143
Convert 4814348 (base 10) to base 7.
55631000
Convert -3661081 (base 9) to base 6.
-110343201
17470ca (base 13) to base 11
42a0742
What is 5d16e1 (base 15) in base 13?
c02020
What is -5181600 (base 11) in base 16?
-8b6f79
561570 (base 9) to base 16
51fc0
Convert 18d5db (base 16) to base 5.
404040421
What is -11011011101010000 (base 2) in base 12?
-55100
Convert 242a699 (base 12) to base 11.
3a6a569
What is 1d2b61 (base 14) in base 6?
34221441
Convert 6255b (base 15) to base 11.
1a3214
-1078276 (base 11) to base 4
-13030031131
Convert 2531614 (base 8) to base 10.
701324
What is 636c (base 13) in base 6?
143443
What is -906a3 (base 12) in base 11?
-118a56
What is 236120a (base 11) in base 6?
224114104
What is 1753e (base 16) in base 11?
65874
What is 1200303211 (base 4) in base 16?
60ce5
What is 211201000212 (base 3) in base 10?
446900
1011020120120 (base 3) to base 11
390041
100111111000001111011101 (base 2) to base 14
1561a8d
What is 3905978 (base 10) in base 4?
32321212322
-303220212 (base 5) to base 13
-33c234
131012002 (base 4) to base 9
201421
Convert 328708 (base 9) to base 12.
95998
Convert -224356 (base 9) to base 3.
-20211101220
What is 7390884 (base 10) in base 16?
70c6a4
What is 424032014 (base 5) in base 8?
6633130
-38196 (base 11) to base 7
-315521
100001011000110101 (base 2) to base 14
37ba5
What is 1471274 (base 9) in base 10?
814522
-270033 (base 10) to base 4
-1001323101
What is -967a5 (base 11) in base 16?
-225ad
What is -224213110 (base 5) in base 13?
-293631
Convert 328459 (base 14) to base 15.
23c8ce
-5107105 (base 8) to base 4
-11020321011
-4310101 (base 6) to base 7
-1536664
What is -12375633 (base 8) in base 12?
-b082a3
Convert 177211 (base 10) to base 15.
37791
-111313322233 (base 4) to base 5
-2431442223
-101110101010101000111111 (base 2) to base 3
-212000111220102
Convert 10242603 (base 7) to base 14.
18833a
9ca8bc (base 13) to base 16
3893c6
Convert -160760 (base 8) to base 13.
-20433
What is -2a7881 (base 13) in base 11?
-65416a
-6569958 (base 10) to base 2
-11001000011111111100110
-462640 (base 7) to base 6
-1434334
What is 4063234 (base 9) in base 6?
114242434
Convert 1cc63 (base 16